(base 9) in base 12?
-122
What is 20204 (base 6) in base 8?
5154
-5731 (base 14) to base 16
-3b1f
c89 (base 16) to base 14
1253
What is 341124 (base 7) in base 2?
1110110000010011
-57 (base 12) to base 15
-47
-2603 (base 7) to base 5
-12413
Convert -1135 (base 7) to base 4.
-12202
Convert -17272 (base 8) to base 9.
-11710
What is 1055 (base 11) in base 2?
10101101111
What is -9e9 (base 15) in base 10?
-2244
What is 15cc (base 13) in base 6?
22510
Convert -2853 (base 9) to base 2.
-100001101010
Convert 3044 (base 7) to base 14.
55b
Convert -12050 (base 6) to base 9.
-2363
Convert -2303102 (base 4) to base 2.
-10110011010010
What is 36 (base 7) in base 6?
43
3365 (base 8) to base 11
137a
Convert 54502 (base 8) to base 12.
11282
Convert -275 (base 15) to base 7.
-1430
Convert 51d (base 16) to base 14.
697
Convert -114232 (base 6) to base 13.
-4745
bc92 (base 14) to base 3
1122210210
1214 (base 5) to base 11
158
11010101 (base 2) to base 7
423
Convert -ad9 (base 14) to base 7.
-6162
Convert 3104112 (base 5) to base 6.
1025540
What is -a637 (base 13) in base 10?
-23030
What is -502 (base 9) in base 14?
-211
Convert 77644 (base 8) to base 13.
11b47
-1233 (base 4) to base 14
-7d
What is -336a (base 11) in base 16?
-1150
Convert -13657 (base 10) to base 12.
-7aa1
Convert -95b4 (base 14) to base 8.
-62352
What is -132 (base 5) in base 10?
-42
-953 (base 11) to base 10
-1147
1b76 (base 12) to base 3
11200000
Convert 453 (base 9) to base 3.
111210
-2130033 (base 4) to base 3
-111201100
-2162 (base 8) to base 14
-5b4
-832 (base 11) to base 6
-4351
4905 (base 10) to base 3
20201200
What is -31031221 (base 4) in base 7?
-313534
Convert 1aa (base 16) to base 8.
652
Convert a1b (base 14) to base 2.
11111000001
Convert 321 (base 11) to base 12.
282
Convert -20012 (base 5) to base 9.
-1646
Convert -10011 (base 5) to base 12.
-447
-2303 (base 7) to base 5
-11321
Convert 2565 (base 8) to base 12.
985
What is -445 (base 8) in base 12?
-205
Convert -232 (base 7) to base 9.
-144
Convert -4043 (base 6) to base 12.
-623
Convert -266 (base 11) to base 3.
-102122
What is 2923 (base 12) in base 13?
2238
Convert 1776 (base 10) to base 11.
1375
98 (base 16) to base 5
1102
ba47 (base 12) to base 15
611d
Convert 3572 (base 8) to base 10.
1914
-75250 (base 8) to base 9
-47058
-2635 (base 11) to base 5
-102201
-2002 (base 7) to base 8
-1260
What is -3221 (base 10) in base 12?
-1a45
Convert -606 (base 8) to base 10.
-390
What is -11202200 (base 3) in base 11?
-2679
What is -241a (base 12) in base 14?
-1698
What is 43202 (base 5) in base 4?
231233
-817 (base 9) to base 11
-554
-4672 (base 13) to base 12
-5887
-111824 (base 9) to base 14
-1a5c5
Convert 10105 (base 7) to base 12.
1507
106425 (base 7) to base 15
59c0
Convert -178e (base 15) to base 14.
-1bd2
What is -1402 (base 10) in base 7?
-4042
What is -1001000011 (base 2) in base 13?
-357
146100 (base 7) to base 16
6f66
Convert -859 (base 11) to base 5.
-13112
Convert -100101000 (base 3) to base 12.
-3b53
2516 (base 9) to base 13
b16
-1665 (base 10) to base 8
-3201
Convert -342b (base 12) to base 3.
-21221122
Convert 27d (base 14) to base 10.
503
1280 (base 10) to base 15
5a5
What is -5c26 (base 14) in base 15?
-4b8b
Convert -1102 (base 3) to base 6.
-102
What is 1110110010100 (base 2) in base 4?
1312110
What is -6246 (base 7) in base 3?
-10000010
12270 (base 9) to base 7
33015
64020 (base 7) to base 11
10957
2314 (base 16) to base 14
33b6
13873 (base 10) to base 13
6412
Convert 13540 (base 6) to base 12.
12b0
-a36c (base 14) to base 16
-6ddc
Convert -11010101011100 (base 2) to base 14.
-4d9a
Convert -2125 (base 6) to base 14.
-269
-170e (base 15) to base 3
-20210212
What is 11210 (base 3) in base 11?
108
Convert -575 (base 9) to base 13.
-2a5
What is 26204 (base 8) in base 14?
4220
Convert 1d3 (base 15) to base 6.
1543
-2020 (base 5) to base 4
-10010
Convert 10110000111 (base 2) to base 9.
1842
What is -3b10 (base 16) in base 10?
-15120
Convert 113231 (base 4) to base 16.
5ed
-3131301 (base 4) to base 6
-145413
Convert -114024 (base 7) to base 2.
-101000001110110
Convert -104 (base 11) to base 14.
-8d
-5264 (base 7) to base 5
-24414
Convert -1087 (base 9) to base 8.
-1450
79e (base 16) to base 6
13010
Convert -84ab (base 16) to base 15.
-a0e3
What is -468 (base 9) in base 4?
-12002
Convert -305225 (base 6) to base 11.
-17450
What is -606 (base 9) in base 8?
-754
1703 (base 8) to base 5
12323
Convert 3322031 (base 5) to base 14.
170a2
Convert 39b9 (base 14) to base 9.
14837
111110001011 (base 2) to base 14
1643
Convert -1211 (base 6) to base 9.
-357
Convert -222202 (base 3) to base 6.
-3202
13500 (base 8) to base 14
2252
56753 (base 9) to base 15
b2e9
36b (base 15) to base 3
1001202
Convert -50624 (base 11) to base 6.
-1330221
What is -1b7 (base 15) in base 7?
-1105
Convert 121a9 (base 11) to base 7.
102101
12468 (base 10) to base 2
11000010110100
Convert 103 (base 5) to base 9.
31
What is -313031 (base 4) in base 2?
-110111001101
-133024 (base 5) to base 7
-21466
1d37 (base 14) to base 9
7284
1116 (base 16) to base 6
32130
Convert -174 (base 11) to base 14.
-106
Convert 12989 (base 13) to base 6.
424045
What is -1101010 (base 4) in base 6?
-40004
What is -b1b (base 15) in base 10?
-2501
What is 8261 (base 10) in base 15?
26ab
-11a90 (base 11) to base 8
-41601
What is -579 (base 10) in base 11?
-487
What is 6414 (base 8) in base 9?
4521
454 (base 10) to base 4
13012
Convert -110c (base 15) to base 16.
-e1c
4503 (base 11) to base 15
1b57
Convert -8693 (base 12) to base 11.
-10134
Convert -4103 (base 10) to base 9.
-5558
Convert -101011111 (base 2) to base 8.
-537
Convert 3649 (base 14) to base 9.
13885
What is -12200031 (base 4) in base 7?
-140442
Convert 1110100000110 (base 2) to base 3.
101012012
What is -10001000011000 (base 2) in base 4?
-2020120
Convert 200110 (base 7) to base 15.
9e9a
Convert 4924 (base 10) to base 12.
2a24
Convert 2080 (base 9) to base 11.
1171
-20b22 (base 12) to base 9
-65078
What is 11220212 (base 4) in base 13?
a673
What is -766 (base 14) in base 3?
-2000011
-4605 (base 11) to base 8
-13647
Convert 1402 (base 7) to base 14.
2a9
What is 94e (base 15) in base 9?
2782
What is 3010013 (base 4) in base 15?
3abb
What is 4188 (base 14) in base 2?
10110000011100
What is -2323120 (base 4) in base 16?
-2ed8
Convert -1201300 (base 4) to base 5.
-200011
What is -16551 (base 7) in base 5?
-122430
What is -345 (base 10) in base 13?
-207
-22142 (base 5) to base 8
-3013
What is 102323 (base 4) in base 5?
14321
Convert 1ce (base 16) to base 8.
716
-55133 (base 6) to base 16
-1dc1
Convert -71 (base 12) to base 16.
-55
What is -43d (base 15) in base 5?
-12313
What is 12299 (base 10) in base 12?
714b
-1011111010010 (base 2) to base 12
-3642
What is -4041 (base 5) in base 7?
-1343
-408 (base 9) to base 5
-2312
What is 10201 (base 5) in base 6?
3044
-671 (base 8) to base 12
-309
Convert -1830 (base 14) to base 10.
-4354
Convert 24d5 (base 15) to base 2.
1111010101010
22971 (base 10) to base 5
1213341
What is -1cb (base 14) in base 16?
-177
Convert 444 (base 9) to base 6.
1404
7217 (base 9) to base 11
3a71
-344 (base 9) to base 5
-2113
Convert -103a (base 12) to base 10.
-1774
What is 2aa3 (base 14) in base 16?
1da7
-1522 (base 8) to base 12
-5aa
Convert 1454 (base 15) to base 4.
1010002
What is 299 (base 14) in base 15?
252
Convert -11661 (base 9) to base 7.
-31555
-4213 (base 5) to base 10
-558
What is -113011 (base 4) in base 2?
-10111000101
Convert -1858 (base 9) to base 12.
-9b2
Convert -1548 (base 12) to base 15.
-b1e
11210 (base 5) to base 3
1002211
a9 (base 13) to base 16
8b
Convert -14a48 (base 15) to base 5.
-4111233
What is 247 (base 9) in base 2?
11001101
Convert 21b (base 15) to base 13.
2a8
What is 167 (base 10) in base 9?
205
What is 440 (base 8) in base 11?
242
What is 54653 (base 7) in base 11?
a333
What is be8 (base 15) in base 13?
12c2
Convert -22201 (base 3) to base 6.
-1031
288 (base 13) to base 15
200
Convert 4511 (base 14) to base 16.
2ec3
28340 (base 9) to base 14
701b
What is 11a (base 12) in base 10?
166
Convert -11330302 (base 4) to base 10.
-24370
What is 40040 (base 5) in base 7?
10230
Convert 22353 (base 6) to base 3.
11100020
Convert -6987 (base 11) to base 14.
-34b0
-20112020 (base 4) t